{"id":1572,"date":"2018-02-17T12:55:17","date_gmt":"2018-02-17T11:55:17","guid":{"rendered":"http:\/\/kokukk.hu\/?post_type=gallery&#038;p=1572"},"modified":"2018-02-17T12:55:17","modified_gmt":"2018-02-17T11:55:17","slug":"toth-krisztina-irodalmi-delutan-2017","status":"publish","type":"gallery","link":"https:\/\/kokukk.hu\/?gallery=toth-krisztina-irodalmi-delutan-2017","title":{"rendered":"T\u00f3th Krisztina irodalmi d\u00e9lut\u00e1n 2017"},"content":{"rendered":"","protected":false},"author":1,"featured_media":0,"parent":0,"menu_order":0,"template":"","class_list":["post-1572","gallery","type-gallery","status-publish","hentry","gallery_categories-default"],"_links":{"self":[{"href":"https:\/\/kokukk.hu\/index.php?rest_route=\/wp\/v2\/gallery\/1572","targetHints":{"allow":["GET"]}}],"collection":[{"href":"https:\/\/kokukk.hu\/index.php?rest_route=\/wp\/v2\/gallery"}],"about":[{"href":"https:\/\/kokukk.hu\/index.php?rest_route=\/wp\/v2\/types\/gallery"}],"author":[{"embeddable":true,"href":"https:\/\/kokukk.hu\/index.php?rest_route=\/wp\/v2\/users\/1"}],"wp:attachment":[{"href":"https:\/\/kokukk.hu\/index.php?rest_route=%2Fwp%2Fv2%2Fmedia&parent=1572"}],"curies":[{"name":"wp","href":"https:\/\/api.w.org\/{rel}","templated":true}]}}

Tóth Krisztina irodalmi délután 2017
