{"id":420,"date":"2014-01-11T13:00:36","date_gmt":"2014-01-11T13:00:36","guid":{"rendered":"http:\/\/kokukk.hu\/?post_type=gallery&#038;p=420"},"modified":"2014-01-11T13:00:36","modified_gmt":"2014-01-11T13:00:36","slug":"karacsonyfa-begyujtes-2008-januar","status":"publish","type":"gallery","link":"https:\/\/kokukk.hu\/?gallery=karacsonyfa-begyujtes-2008-januar","title":{"rendered":"Kar\u00e1csonyfa begy\u0171jt\u00e9s 2008 janu\u00e1r"},"content":{"rendered":"","protected":false},"author":1,"featured_media":0,"parent":0,"menu_order":0,"template":"","class_list":["post-420","gallery","type-gallery","status-publish","hentry","gallery_categories-default"],"_links":{"self":[{"href":"https:\/\/kokukk.hu\/index.php?rest_route=\/wp\/v2\/gallery\/420","targetHints":{"allow":["GET"]}}],"collection":[{"href":"https:\/\/kokukk.hu\/index.php?rest_route=\/wp\/v2\/gallery"}],"about":[{"href":"https:\/\/kokukk.hu\/index.php?rest_route=\/wp\/v2\/types\/gallery"}],"author":[{"embeddable":true,"href":"https:\/\/kokukk.hu\/index.php?rest_route=\/wp\/v2\/users\/1"}],"wp:attachment":[{"href":"https:\/\/kokukk.hu\/index.php?rest_route=%2Fwp%2Fv2%2Fmedia&parent=420"}],"curies":[{"name":"wp","href":"https:\/\/api.w.org\/{rel}","templated":true}]}}

Karácsonyfa begyűjtés 2008 január
