{"id":934,"date":"2014-01-16T18:01:13","date_gmt":"2014-01-16T18:01:13","guid":{"rendered":"http:\/\/kokukk.hu\/?post_type=gallery&#038;p=934"},"modified":"2014-01-16T18:01:13","modified_gmt":"2014-01-16T18:01:13","slug":"budavidek-zoldut-biciklis-tura-2012","status":"publish","type":"gallery","link":"https:\/\/kokukk.hu\/?gallery=budavidek-zoldut-biciklis-tura-2012","title":{"rendered":"Budavid\u00e9k Z\u00f6ld\u00fat biciklis t\u00fara 2012"},"content":{"rendered":"","protected":false},"author":1,"featured_media":0,"parent":0,"menu_order":0,"template":"","class_list":["post-934","gallery","type-gallery","status-publish","hentry","gallery_categories-default"],"_links":{"self":[{"href":"https:\/\/kokukk.hu\/index.php?rest_route=\/wp\/v2\/gallery\/934","targetHints":{"allow":["GET"]}}],"collection":[{"href":"https:\/\/kokukk.hu\/index.php?rest_route=\/wp\/v2\/gallery"}],"about":[{"href":"https:\/\/kokukk.hu\/index.php?rest_route=\/wp\/v2\/types\/gallery"}],"author":[{"embeddable":true,"href":"https:\/\/kokukk.hu\/index.php?rest_route=\/wp\/v2\/users\/1"}],"wp:attachment":[{"href":"https:\/\/kokukk.hu\/index.php?rest_route=%2Fwp%2Fv2%2Fmedia&parent=934"}],"curies":[{"name":"wp","href":"https:\/\/api.w.org\/{rel}","templated":true}]}}

Budavidék Zöldút biciklis túra 2012
