{"id":1785,"date":"2023-03-08T15:43:42","date_gmt":"2023-03-08T14:43:42","guid":{"rendered":"https:\/\/kokukk.hu\/?page_id=1785"},"modified":"2023-03-08T15:43:42","modified_gmt":"2023-03-08T14:43:42","slug":"meg-elvegezhetjuk-a-mesterseges-oduk-koltes-elotti-karbantartasat","status":"publish","type":"page","link":"https:\/\/kokukk.hu\/?page_id=1785","title":{"rendered":"M\u00e9g elv\u00e9gezhetj\u00fck a mesters\u00e9ges od\u00fak k\u00f6lt\u00e9s el\u0151tti karbantart\u00e1s\u00e1t!"},"content":{"rendered":"<div class=\"entry-content\">\n<p><a href=\"https:\/\/kokukk.hu\/wp-content\/uploads\/2023\/03\/100_1803.jpg\"><img loading=\"lazy\" decoding=\"async\" class=\"size-full wp-image-1786 alignright\" src=\"https:\/\/kokukk.hu\/wp-content\/uploads\/2023\/03\/100_1803.jpg\" alt=\"\" width=\"400\" height=\"300\" srcset=\"https:\/\/kokukk.hu\/wp-content\/uploads\/2023\/03\/100_1803.jpg 400w, https:\/\/kokukk.hu\/wp-content\/uploads\/2023\/03\/100_1803-300x225.jpg 300w, https:\/\/kokukk.hu\/wp-content\/uploads\/2023\/03\/100_1803-293x220.jpg 293w\" sizes=\"auto, (max-width: 400px) 100vw, 400px\" \/><\/a>B\u00e1r m\u00e9g csak janu\u00e1rt \u00edrunk, de a szokatlanul enyhe t\u00e9l miatt m\u00e1r l\u00e9pten-nyomon tapasztalhatjuk a tavasz k\u00f6zeledt\u00e9t, \u00e9s ezzel a k\u00f6r\u00fcl\u00f6tt\u00fcnk \u00e9l\u0151 madarak sincsenek m\u00e1sk\u00e9nt. \u00c9ppen ez\u00e9rt, ha m\u00e9g eddig nem ker\u00fclt r\u00e1 sor, miel\u0151bb sz\u00fcks\u00e9ges elv\u00e9gezni a kertekben kihelyezett mesters\u00e9ges mad\u00e1rod\u00fak karbantart\u00e1s\u00e1t, hiszen a madarak hamarosan k\u00f6lt\u00e9sre alkalmas helyet keresnek. Az od\u00fak\u00f6lt\u0151 madaraink term\u00e9szetes od\u00fak hi\u00e1ny\u00e1ban sz\u00edvesen foglalj\u00e1k el a mesters\u00e9ges od\u00fat is, amennyiben megfelel\u0151 az adott faj sz\u00e1m\u00e1ra, \u00e9s ha az od\u00fat rendszeresen takar\u00edtjuk, karbantartjuk.<\/p>\n<p>A karbantart\u00e1st k\u00e9s\u0151 \u0151szt\u0151l janu\u00e1r v\u00e9g\u00e9ig c\u00e9lszer\u0171 elv\u00e9gezni. A kor\u00e1bbi f\u00e9szekmaradv\u00e1nyok, rothad\u00f3 anyagok \u00e9s ezzel egy\u00fctt az \u00e9l\u0151sk\u00f6d\u0151k elt\u00e1vol\u00edt\u00e1sa, az od\u00fa alapos kitiszt\u00edt\u00e1sa ut\u00e1n az esetlegesen megrong\u00e1l\u00f3dott tet\u0151 vagy sz\u00e9tny\u00edlt oldalfalak cser\u00e9je is sz\u00fcks\u00e9ges a be\u00e1z\u00e1sok megakad\u00e1lyoz\u00e1s\u00e1ra. Az er\u0151sen megrong\u00e1l\u00f3dott od\u00fa vesz\u00e9lyezteti a k\u00f6lt\u00e9s biztons\u00e1g\u00e1t, a f\u00e9szekalj teljes pusztul\u00e1s\u00e1t okozhatja. Az od\u00fa kerek berep\u00fcl\u0151ny\u00edl\u00e1s\u00e1nak sz\u00e9l\u00e9t (\u201eB\u201d t\u00edpus\u00fa od\u00fa pl. cineg\u00e9k r\u00e9sz\u00e9re) egyes mad\u00e1rfajok el\u0151szeretettel t\u00e1g\u00edtj\u00e1k, v\u00e9sik, ezt a ny\u00edl\u00e1s k\u00f6r\u00e9 feler\u0151s\u00edtett b\u00e1doglemezzel lehet megakad\u00e1lyozni. A tet\u0151 mindig legyen nyithat\u00f3, ez megk\u00f6nny\u00edti a tiszt\u00edt\u00e1st \u00e9s od\u00faellen\u0151rz\u00e9st, de kihelyez\u00e9skor oldalt kis akaszt\u00f3val r\u00f6gz\u00edteni kell, nehogy az er\u0151s sz\u00e9l vagy a ragadoz\u00f3k felnyithass\u00e1k.<\/p>\n<p>C\u00e9lszer\u0171 az od\u00fat k\u00edv\u00fclr\u0151l lefesteni, hogy id\u0151j\u00e1r\u00e1s\u00e1ll\u00f3 \u00e9s hosszabb \u00e9lettartam\u00fa legyen, de bels\u0151 oldalait nem szabad teljesen sim\u00e1ra legyalulni \u00e9s festeni sem.<\/p>\n<p>Azokat a mad\u00e1rod\u00fakat, amelyek fels\u0151 harmadukban nyitottak (\u201eC\u201d t\u00edpus\u00fa od\u00fa h\u00e1zi rozsdafark\u00fa, l\u00e9gykap\u00f3, v\u00f6r\u00f6sbegy r\u00e9sz\u00e9re), szint\u00e9n ki kell takar\u00edtani, mert az el\u0151z\u0151 k\u00f6lt\u00e9si szezon sor\u00e1n k\u00e9sz\u00edtett f\u00e9szek vastags\u00e1ga miatt az \u00faj f\u00e9szek nem biztons\u00e1gos, abb\u00f3l k\u00f6nnyen kieshetnek a fi\u00f3k\u00e1k.<\/p>\n<p>T\u00e9len a kihelyezett od\u00fakat csak hideg fagyos \u00e9jszak\u00e1kon haszn\u00e1lj\u00e1k a madarak.<\/p>\n<p>Janu\u00e1r v\u00e9g\u00e9n, legk\u00e9s\u0151bb febru\u00e1r elej\u00e9n m\u00e9g elv\u00e9gezhet\u0151k a sz\u00fcks\u00e9ges karbantart\u00e1sok, de febru\u00e1r k\u00f6zep\u00e9t\u0151l m\u00e1r nem aj\u00e1nlott az od\u00fak bolygat\u00e1sa, zavar\u00e1sa.<\/p>\n<p>A kitiszt\u00edtott \u00e9s rendszeresen karbantartott od\u00fak t\u00f6bb \u00e9vig seg\u00edthetik od\u00falak\u00f3 madaraink v\u00e9delm\u00e9t, k\u00f6lt\u00e9s\u00e9t, szaporod\u00e1s\u00e1t. A kertben, h\u00e1zfalon, vagy az eresz alatt kihelyezett mesters\u00e9ges od\u00faban k\u00f6lt\u0151 madarak k\u00f6lt\u00e9si szezonban a k\u00e1rtev\u0151k ritk\u00edt\u00e1s\u00e1val nem csak a kertek biol\u00f3giai v\u00e9delm\u00e9t seg\u00edtik el\u0151, de sz\u00e1mtalan megfigyel\u00e9si lehet\u0151s\u00e9get, \u00e9lm\u00e9nyt is ny\u00fajtanak a mad\u00e1rbar\u00e1t kerttulajdonosoknak.<\/p>\n<p>Az od\u00fak\u00e9sz\u00edt\u00e9sr\u0151l, kihelyez\u00e9sr\u0151l, karbantart\u00e1sr\u00f3l b\u0151vebb inform\u00e1ci\u00f3k a Magyar Mad\u00e1rtani \u00e9s Term\u00e9szetv\u00e9delmi Egyes\u00fclet honlapj\u00e1n, a <a href=\"http:\/\/www.mme.hu\/\">www.mme.hu<\/a> oldalon \u00e9rhet\u0151k el.<\/p>\n<p>Kokukk Egyes\u00fclet, Vass Imr\u00e9n\u00e9<\/p>\n<\/div>\n","protected":false},"excerpt":{"rendered":"<p>B\u00e1r m\u00e9g csak janu\u00e1rt \u00edrunk, de a szokatlanul enyhe t\u00e9l miatt m\u00e1r l\u00e9pten-nyomon tapasztalhatjuk a tavasz k\u00f6zeledt\u00e9t, \u00e9s ezzel a k\u00f6r\u00fcl\u00f6tt\u00fcnk \u00e9l\u0151 madarak sincsenek m\u00e1sk\u00e9nt. \u00c9ppen ez\u00e9rt, ha m\u00e9g eddig nem ker\u00fclt r\u00e1 sor, miel\u0151bb sz\u00fcks\u00e9ges elv\u00e9gezni a kertekben kihelyezett mesters\u00e9ges mad\u00e1rod\u00fak karbantart\u00e1s\u00e1t, hiszen a madarak hamarosan k\u00f6lt\u00e9sre alkalmas helyet keresnek. Az od\u00fak\u00f6lt\u0151 madaraink term\u00e9szetes [&hellip;]<\/p>\n","protected":false},"author":1,"featured_media":0,"parent":0,"menu_order":0,"comment_status":"closed","ping_status":"closed","template":"","meta":{"footnotes":""},"class_list":["post-1785","page","type-page","status-publish","hentry"],"_links":{"self":[{"href":"https:\/\/kokukk.hu\/index.php?rest_route=\/wp\/v2\/pages\/1785","targetHints":{"allow":["GET"]}}],"collection":[{"href":"https:\/\/kokukk.hu\/index.php?rest_route=\/wp\/v2\/pages"}],"about":[{"href":"https:\/\/kokukk.hu\/index.php?rest_route=\/wp\/v2\/types\/page"}],"author":[{"embeddable":true,"href":"https:\/\/kokukk.hu\/index.php?rest_route=\/wp\/v2\/users\/1"}],"replies":[{"embeddable":true,"href":"https:\/\/kokukk.hu\/index.php?rest_route=%2Fwp%2Fv2%2Fcomments&post=1785"}],"version-history":[{"count":1,"href":"https:\/\/kokukk.hu\/index.php?rest_route=\/wp\/v2\/pages\/1785\/revisions"}],"predecessor-version":[{"id":1788,"href":"https:\/\/kokukk.hu\/index.php?rest_route=\/wp\/v2\/pages\/1785\/revisions\/1788"}],"wp:attachment":[{"href":"https:\/\/kokukk.hu\/index.php?rest_route=%2Fwp%2Fv2%2Fmedia&parent=1785"}],"curies":[{"name":"wp","href":"https:\/\/api.w.org\/{rel}","templated":true}]}}