{"id":1798,"date":"2023-03-08T15:46:15","date_gmt":"2023-03-08T14:46:15","guid":{"rendered":"https:\/\/kokukk.hu\/?page_id=1798"},"modified":"2023-03-08T15:46:15","modified_gmt":"2023-03-08T14:46:15","slug":"partnerunk-a-bvzsz","status":"publish","type":"page","link":"https:\/\/kokukk.hu\/?page_id=1798","title":{"rendered":"Partner\u00fcnk, a BVZSZ"},"content":{"rendered":"<div class=\"entry-content\">\n<p><a href=\"http:\/\/budavidekzoldut.hu\/hirek\/72-telki-naplo-toborzo\">Van egy \u00e1lmunk<\/a>, ez\u00e9rt k\u00f6zhaszn\u00fa szervezetet alak\u00edtottunk azzal a c\u00e9llal, hogy a Zs\u00e1mb\u00e9ki-medenc\u00e9ben \u00e9l\u0151k sz\u00e1m\u00e1ra s\u00e9t\u00e1ra \u00e9s ker\u00e9kp\u00e1roz\u00e1sra alkalmas \u00fatvonalakat t\u00e1rjunk fel egy-egy telep\u00fcl\u00e9s k\u00f6r\u00fcl \u00e9s a szomsz\u00e9dos telep\u00fcl\u00e9sek k\u00f6z\u00f6tt.<\/p>\n<p>Eddigi munk\u00e1nk eredm\u00e9nyek\u00e9ppen javasolt \u00fatvonalaink \u00f6sszes hossza 85 km, melyek k\u00f6z\u00fcl a Google rendszerben \u00e1br\u00e1zolt <a href=\"http:\/\/maps.google.hu\/maps\/ms?hl=hu&amp;ie=UTF8&amp;msa=0&amp;msid=216955517086874221150.00049dd48b2cf57b633bb&amp;t=h&amp;z=12\">t\u00e9rk\u00e9p<\/a> seg\u00edts\u00e9g\u00e9vel hosszabb-r\u00f6videbb t\u00fara\u00fatvonalak v\u00e1laszthat\u00f3k.<\/p>\n<p>Z\u00f6ld\u00fatjaink olyan megl\u00e9v\u0151 f\u00f6ldutakon, kisforgalm\u00fa utc\u00e1kon vezetnek, amelyek a k\u00f6zutakt\u00f3l elszakadnak, a zajt\u00f3l,<\/p>\n<p>benzing\u0151zt\u0151l t\u00e1vol,\u00a0 r\u00e9tek, legel\u0151k, b\u00faza-kukorica, napraforg\u00f3 t\u00e1bl\u00e1k k\u00f6z\u00f6tt haladnak. A t\u00e1j\u00e9koz\u00f3d\u00e1s a t\u00e9rk\u00e9pr\u0151l leolvashat\u00f3 GPS-koordin\u00e1t\u00e1k k\u00f6vet\u00e9s\u00e9vel \u00e9s az utak ment\u00e9n elhelyezett \u00fatjelz\u0151k seg\u00edts\u00e9g\u00e9vel lehets\u00e9ges.<\/p>\n<p>Az utak felsz\u00edne nagyr\u00e9szt burkolat n\u00e9lk\u00fcli, \u00e1llapotuk az id\u0151j\u00e1r\u00e1st\u00f3l f\u00fcgg\u0151en v\u00e1ltoz\u00f3, ez\u00e9rt es\u0151mentes id\u0151ben, vagy nagyobb es\u0151z\u00e9sek ut\u00e1n n\u00e9h\u00e1ny nappal haszn\u00e1lhat\u00f3k. Indul\u00e1s el\u0151tt \u00e9rdemes elolvasni az utak haszn\u00e1lat\u00e1ra vonatkoz\u00f3<a href=\"http:\/\/budavidekzoldut.hu\/tajolo\"> tan\u00e1csainkat.<\/a><\/p>\n<p>&nbsp;<\/p>\n<p>&nbsp;<\/p>\n<p>Az utak min\u0151s\u00e9g\u00e9nek jav\u00edt\u00e1s\u00e1val, az \u00fatjelz\u0151k sz\u00e1m\u00e1nak n\u00f6vel\u00e9s\u00e9vel, \u00fatmenti f\u00e1s\u00edt\u00e1ssal, az \u00fat menti hidak fel\u00faj\u00edt\u00e1s\u00e1val, a t\u00e1j \u00e9rt\u00e9keit bemutat\u00f3 ismertet\u0151 t\u00e1bl\u00e1kkal, pihen\u0151helyek kialak\u00edt\u00e1s\u00e1val, az utak hullad\u00e9kmentesen tart\u00e1s\u00e1val szeretn\u00e9nk az \u00fath\u00e1l\u00f3zat teljes ter\u00fclet\u00e9t folyamatosan fejleszteni.<\/p>\n<p>Ha c\u00e9ljainkkal egyet\u00e9rt, k\u00e9rj\u00fck, t\u00e1mogassa terveink megval\u00f3s\u00edt\u00e1s\u00e1t felaj\u00e1nlott munk\u00e1j\u00e1val vagy p\u00e9nzbeli adom\u00e1nnyal! Sz\u00f6vets\u00e9g\u00fcnkh\u00f6z a <a href=\"http:\/\/budavidekzoldut.hu\/budavidek-zoldut-szovetseg\/bvzbelepmagansz\">Jelentkez\u00e9si lap<\/a> elk\u00fcld\u00e9s\u00e9vel, levelez\u00e9s \u00fatj\u00e1n vagy szem\u00e9lyes <a href=\"http:\/\/budavidekzoldut.hu\/kapcsolatok\">kapcsolatfelv\u00e9tellel<\/a> csatlakozhat.<\/p>\n<p>K\u00f6sz\u00f6nettel fogadjuk t\u00e1mogat\u00f3 adom\u00e1ny\u00e1t, melyet a k\u00f6vetkez\u0151, a <em><strong>BUDA Takar\u00e9k Sz\u00f6vetkezeti Hitelint\u00e9zetn\u00e9l <\/strong>vezetett<\/em> <strong><em>58300206-12024999-0<\/em>0000000 <\/strong>sz\u00e1m\u00fa\u00a0sz\u00e1mlasz\u00e1mra utalhat a<\/p>\n<p>A t\u00e1mogat\u00e1s c\u00e9ljak\u00e9nt megjel\u00f6lheti a fejleszteni k\u00edv\u00e1nt telep\u00fcl\u00e9s nev\u00e9t ( Zs\u00e1mb\u00e9k, M\u00e1ny, T\u00f6k, Perb\u00e1l, Tinnye, Budajen\u0151, Telki, Nagykov\u00e1csi, Budakeszi, P\u00e1ty, Biatorb\u00e1gy, Herceghalom, Etyek) vagy a k\u00f6vetkez\u0151 fejleszt\u00e9si c\u00e9lok egyik\u00e9t: \u00fatjelz\u0151, ismertet\u0151 t\u00e1bla, h\u00eddjav\u00edt\u00e1s, k\u00f6z\u00f6s t\u00far\u00e1k)<\/p>\n<p>Forr\u00e1s: www.BVZ.hu<\/p>\n<\/div>\n","protected":false},"excerpt":{"rendered":"<p>Van egy \u00e1lmunk, ez\u00e9rt k\u00f6zhaszn\u00fa szervezetet alak\u00edtottunk azzal a c\u00e9llal, hogy a Zs\u00e1mb\u00e9ki-medenc\u00e9ben \u00e9l\u0151k sz\u00e1m\u00e1ra s\u00e9t\u00e1ra \u00e9s ker\u00e9kp\u00e1roz\u00e1sra alkalmas \u00fatvonalakat t\u00e1rjunk fel egy-egy telep\u00fcl\u00e9s k\u00f6r\u00fcl \u00e9s a szomsz\u00e9dos telep\u00fcl\u00e9sek k\u00f6z\u00f6tt. Eddigi munk\u00e1nk eredm\u00e9nyek\u00e9ppen javasolt \u00fatvonalaink \u00f6sszes hossza 85 km, melyek k\u00f6z\u00fcl a Google rendszerben \u00e1br\u00e1zolt t\u00e9rk\u00e9p seg\u00edts\u00e9g\u00e9vel hosszabb-r\u00f6videbb t\u00fara\u00fatvonalak v\u00e1laszthat\u00f3k. Z\u00f6ld\u00fatjaink olyan megl\u00e9v\u0151 f\u00f6ldutakon, kisforgalm\u00fa [&hellip;]<\/p>\n","protected":false},"author":1,"featured_media":0,"parent":0,"menu_order":0,"comment_status":"closed","ping_status":"closed","template":"","meta":{"footnotes":""},"class_list":["post-1798","page","type-page","status-publish","hentry"],"_links":{"self":[{"href":"https:\/\/kokukk.hu\/index.php?rest_route=\/wp\/v2\/pages\/1798","targetHints":{"allow":["GET"]}}],"collection":[{"href":"https:\/\/kokukk.hu\/index.php?rest_route=\/wp\/v2\/pages"}],"about":[{"href":"https:\/\/kokukk.hu\/index.php?rest_route=\/wp\/v2\/types\/page"}],"author":[{"embeddable":true,"href":"https:\/\/kokukk.hu\/index.php?rest_route=\/wp\/v2\/users\/1"}],"replies":[{"embeddable":true,"href":"https:\/\/kokukk.hu\/index.php?rest_route=%2Fwp%2Fv2%2Fcomments&post=1798"}],"version-history":[{"count":1,"href":"https:\/\/kokukk.hu\/index.php?rest_route=\/wp\/v2\/pages\/1798\/revisions"}],"predecessor-version":[{"id":1800,"href":"https:\/\/kokukk.hu\/index.php?rest_route=\/wp\/v2\/pages\/1798\/revisions\/1800"}],"wp:attachment":[{"href":"https:\/\/kokukk.hu\/index.php?rest_route=%2Fwp%2Fv2%2Fmedia&parent=1798"}],"curies":[{"name":"wp","href":"https:\/\/api.w.org\/{rel}","templated":true}]}}