{"id":1808,"date":"2023-03-08T15:47:32","date_gmt":"2023-03-08T14:47:32","guid":{"rendered":"https:\/\/kokukk.hu\/?page_id=1808"},"modified":"2023-03-08T15:47:32","modified_gmt":"2023-03-08T14:47:32","slug":"hulladekinfo","status":"publish","type":"page","link":"https:\/\/kokukk.hu\/?page_id=1808","title":{"rendered":"Hullad\u00e9kinf\u00f3"},"content":{"rendered":"<p><strong>MIT TEGY\u00dcNK A HULLAD\u00c9KKAL?!<\/strong><\/p>\n<p><strong>A hullad\u00e9kelhelyez\u00e9s leg\u00e1lis lehet\u0151s\u00e9gei Telkiben<\/strong><\/p>\n<p>A h\u00e1ztart\u00e1si hullad\u00e9kot hetente elsz\u00e1ll\u00edtja a falub\u00f3l a Dep\u00f3nia Kft.. A szem\u00e9tsz\u00e1ll\u00edt\u00e1st minden h\u00e1ztart\u00e1snak k\u00f6telez\u0151 ig\u00e9nybe vennie, de vannak olyan helyzetek is, amelyeket ez nem old meg. A k\u00f6vetkez\u0151kben r\u00f6viden \u00f6sszefoglaljuk a hullad\u00e9kelhelyez\u00e9s leg\u00e1lis lehet\u0151s\u00e9geit.<\/p>\n<blockquote><p>Ez volt r\u00e9gen: <strong>\u00a0 <\/strong><strong>Ha esetenk\u00e9nt t\u00f6bb hullad\u00e9k keletkezik, mint ami belef\u00e9rne a kuk\u00e1ba<\/strong>, azt az AVE saj\u00e1t z\u00f6ld zs\u00e1kjaiban tehetj\u00fck ki a kuka mell\u00e9. A zs\u00e1kok megv\u00e1s\u00e1rolhat\u00f3k a Liget (le\u00e1nykori nev\u00e9n Musk\u00e1tli) ABC-ben kb. 300 Ft-\u00e9rt. Ebben az \u00e1rban benne van az elsz\u00e1ll\u00edt\u00e1s \u00e9s a civiliz\u00e1lt, k\u00f6rnyezetk\u00edm\u00e9l\u0151 lerak\u00e1s k\u00f6lts\u00e9ge is. Ez azt is jelenti, hogy a kuk\u00e1skocsi a m\u00e1sf\u00e9le zs\u00e1kokban kirakott szemetet nem viszi el.<\/p>\n<p>Most: Jelenleg nem lehet Dep\u00f3ni\u00e1s z\u00f6ld zs\u00e1kokat kapni.<\/p><\/blockquote>\n<p>A h\u00e1ztart\u00e1si hullad\u00e9k cs\u00f6kkent\u00e9se \u00e9rdek\u00e9ben <strong>\u00e9rdemes ig\u00e9nybe venni a szelekt\u00edv gy\u0171jt\u0151ket <\/strong>is. K\u00e9rj\u00fck, hogy \u00fcgyeljen a rendeltet\u00e9sszer\u0171 haszn\u00e1latra \u00e9s a gy\u0171jt\u0151k k\u00f6rny\u00e9k\u00e9nek rendj\u00e9re!<\/p>\n<p>A h\u00e1ztart\u00e1si <strong>hullad\u00e9k mennyis\u00e9ge jelent\u0151sen cs\u00f6kkenthet\u0151 a h\u00e1zikerti komposzt\u00e1l\u00e1ssal<\/strong>.<\/p>\n<blockquote><p><strong>Jelenleg nincs erre a bekezd\u00e9sre vonatkoz\u00f3 inform\u00e1ci\u00f3:<\/strong> vonatkoz\u00f3 inform\u00e1ci\u00f3Aki erre (m\u00e9g) nem tudta r\u00e1sz\u00e1nni mag\u00e1t, annak j\u00f3 h\u00edr, hogy 2008. augusztus eleje \u00f3ta az AVE szelekt\u00edv m\u00f3don elsz\u00e1ll\u00edtja \u00e9s komposzt\u00e1lja <strong>a h\u00e1ztart\u00e1sokban keletkez\u0151 z\u00f6ldhullad\u00e9kot. <\/strong>Ehhez a polg\u00e1rmesteri hivatalban (H 8-18, K-CS 8-16, P 8-14 \u00f3r\u00e1ig) v\u00e1s\u00e1rolhat\u00f3k meg a speci\u00e1lis, 110 literes, \u00e1tl\u00e1tsz\u00f3 zs\u00e1kok, amelyeket a szolg\u00e1ltat\u00f3 szerd\u00e1nk\u00e9nt a megszokott id\u0151ben, a kommun\u00e1lis hullad\u00e9kkal egy\u00fctt sz\u00e1ll\u00edt el. Ezek \u00e1ra jelenleg 140 Ft. E zs\u00e1kokba viszont csak z\u00f6ldhullad\u00e9k ker\u00fclhet, k\u00fcl\u00f6nben nem sz\u00e1ll\u00edtj\u00e1k el.<\/p><\/blockquote>\n<p><strong>\u00c9vente egyszer, \u00e1prilis-m\u00e1jus h\u00f3napban lomtalan\u00edt\u00e1s van.<\/strong> Ilyenkor a Jung-h\u00e1z udvar\u00e1n m\u00f3d van <strong>vesz\u00e9lyes hullad\u00e9kok elhelyez\u00e9s\u00e9re<\/strong> is (akkumul\u00e1tor, fest\u00e9k- \u00e9s vegyszermaradv\u00e1nyok, stb.), amelyeket a szolg\u00e1ltat\u00f3 szakszer\u0171en \u00e1rtalmatlan\u00edt.<\/p>\n<p><strong>Nagyobb mennyis\u00e9g\u0171 \u00e9p\u00edt\u00e9si t\u00f6rmel\u00e9k elhelyez\u00e9s\u00e9hez felt\u00e9tlen\u00fcl ig\u00e9nyeljen kont\u00e9nert!<\/strong> Ha a hullad\u00e9k nem t\u00f6lt meg egy kont\u00e9nert, \u00e9rdemes lehet t\u00f6bb szomsz\u00e9dnak \u00f6sszefogni, \u00e9s megosztani a k\u00f6lts\u00e9geket.<\/p>\n<p>(2008. okt\u00f3beri adatokkal, friss\u00edtve: 2012 okt\u00f3ber\u00e9ben, majd 2014 janu\u00e1rj\u00e1ban)<\/p>\n<blockquote><p>\u00a0Elavult bekezd\u00e9s: <strong>Sokan \u00e9rdekl\u0151dtek m\u00e1r az egyes\u00fcletn\u00e9l, hogy lehetne-e B\u0150V\u00cdTENI A SZELEKT\u00cdV HULLAD\u00c9KGY\u0170JT\u00c9S LEHET\u0150S\u00c9GEIT TELKIBEN. <\/strong>Az AVE-n\u00e1l 2008. elej\u00e9n t\u00f6rt\u00e9nt l\u00e1togat\u00e1sunk eredm\u00e9nyek\u00e9nt kider\u00fclt, hogy a gy\u0171jt\u0151szigetek nem b\u0151v\u00edthet\u0151k tetsz\u00e9s szerint. Azok egy technol\u00f3giai folyamat r\u00e9szei, pl. bele vannak \u00e1gyazva egy n\u00e9gyrekeszes talapzatba, ami el\u0151\u00edr\u00e1s, ezt viszont k\u00f6lts\u00e9ges volna b\u0151v\u00edteni-cser\u00e9lni, \u00e9s a szolg\u00e1ltat\u00f3nak nincs erre forr\u00e1sa. Emellett erre a helyzetre (ezekre az anyagokra) van kialak\u00edtva az \u00fcr\u00edt\u00e9st v\u00e9gz\u0151 teheraut\u00f3 fel\u00e9p\u00edtm\u00e9nye is, m\u00e9gpedig az AVE teljes m\u0171k\u00f6d\u00e9si ter\u00fclet\u00e9n egys\u00e9gesen. Az AVE m\u00e1sik szempontja, hogy csak azokat az anyagokat gy\u0171jti szelekt\u00edven, amelyeket el tud adni, m\u00e9ghozz\u00e1 a sz\u00e1m\u00e1ra elfogadhat\u00f3 \u00e1ron. (E m\u00e1sodnyersanyagok \u00e9rt\u00e9kes\u00edt\u00e9si piaca r\u00e1ad\u00e1sul nagym\u00e9rt\u00e9kben romlott is a tavalyihoz k\u00e9pest.)<\/p>\n<p>Mindezek alapj\u00e1n pillanatnyilag nincs sok rem\u00e9ny a rendszeres szelekt\u00edv gy\u0171jt\u00e9s kiterjeszt\u00e9s\u00e9re. Ez\u00e9rt gy\u0171jt\u00e9st ind\u00edtunk itt a honlapon, \u00e9s az eredm\u00e9nyeket k\u00f6zz\u00e9tessz\u00fck a falu m\u00e1s f\u00f3rumain is. K\u00e9rj\u00fck, hogy aki tud tov\u00e1bbi szelekt\u00edv hullad\u00e9kelhelyez\u00e9si lehet\u0151s\u00e9gekr\u0151l, ossza meg a tapasztalatait m\u00e1sokkal: k\u00fcldj\u00f6n egy emilt a <a href=\"mailto:zold.telki@gmail.com\">zold.telki@gmail.com<\/a> c\u00edmre! Itt van az els\u0151 p\u00e1r tipp, v\u00e1rjuk a tov\u00e1bbiakat!<\/p><\/blockquote>\n<p><strong>Haszn\u00e1lt elemek:<\/strong> Telki, \u00d3falu Csemege<\/p>\n<p><strong>Ki\u00e9gett f\u00e9nycs\u00f6vek, villanyk\u00f6rt\u00e9k: <\/strong>buda\u00f6rsi Auchan \u00e9s Ikea \u00e1ruh\u00e1zak<\/p>\n<p><strong>Haszn\u00e1lt, nem m\u0171k\u00f6d\u0151 h\u00e1ztat\u00e1si g\u00e9pek: <\/strong>leadhat\u00f3k a buda\u00f6rsi Media Marktban, tiszta \u00e1llapotban<\/p>\n<p><strong>Ruhagy\u0171jt\u0151 kont\u00e9nerek j\u00f3 min\u0151s\u00e9g\u0171 haszn\u00e1lt ruh\u00e1k sz\u00e1m\u00e1ra: <\/strong>buda\u00f6rsi OBI, T\u00f6r\u00f6kb\u00e1linti Auchan \u00e1ruh\u00e1zak<\/p>\n","protected":false},"excerpt":{"rendered":"<p>MIT TEGY\u00dcNK A HULLAD\u00c9KKAL?! A hullad\u00e9kelhelyez\u00e9s leg\u00e1lis lehet\u0151s\u00e9gei Telkiben A h\u00e1ztart\u00e1si hullad\u00e9kot hetente elsz\u00e1ll\u00edtja a falub\u00f3l a Dep\u00f3nia Kft.. A szem\u00e9tsz\u00e1ll\u00edt\u00e1st minden h\u00e1ztart\u00e1snak k\u00f6telez\u0151 ig\u00e9nybe vennie, de vannak olyan helyzetek is, amelyeket ez nem old meg. A k\u00f6vetkez\u0151kben r\u00f6viden \u00f6sszefoglaljuk a hullad\u00e9kelhelyez\u00e9s leg\u00e1lis lehet\u0151s\u00e9geit. Ez volt r\u00e9gen: \u00a0 Ha esetenk\u00e9nt t\u00f6bb hullad\u00e9k keletkezik, mint ami [&hellip;]<\/p>\n","protected":false},"author":1,"featured_media":0,"parent":0,"menu_order":0,"comment_status":"closed","ping_status":"closed","template":"","meta":{"footnotes":""},"class_list":["post-1808","page","type-page","status-publish","hentry"],"_links":{"self":[{"href":"https:\/\/kokukk.hu\/index.php?rest_route=\/wp\/v2\/pages\/1808","targetHints":{"allow":["GET"]}}],"collection":[{"href":"https:\/\/kokukk.hu\/index.php?rest_route=\/wp\/v2\/pages"}],"about":[{"href":"https:\/\/kokukk.hu\/index.php?rest_route=\/wp\/v2\/types\/page"}],"author":[{"embeddable":true,"href":"https:\/\/kokukk.hu\/index.php?rest_route=\/wp\/v2\/users\/1"}],"replies":[{"embeddable":true,"href":"https:\/\/kokukk.hu\/index.php?rest_route=%2Fwp%2Fv2%2Fcomments&post=1808"}],"version-history":[{"count":1,"href":"https:\/\/kokukk.hu\/index.php?rest_route=\/wp\/v2\/pages\/1808\/revisions"}],"predecessor-version":[{"id":1810,"href":"https:\/\/kokukk.hu\/index.php?rest_route=\/wp\/v2\/pages\/1808\/revisions\/1810"}],"wp:attachment":[{"href":"https:\/\/kokukk.hu\/index.php?rest_route=%2Fwp%2Fv2%2Fmedia&parent=1808"}],"curies":[{"name":"wp","href":"https:\/\/api.w.org\/{rel}","templated":true}]}}

Hulladékinfó

<p><strong>MIT TEGYÜNK A HULLADÉKKAL?!</strong></p>
<p><strong>A hulladékelhelyezés legális lehetőségei Telkiben</strong></p>
<p>A háztartási hulladékot hetente elszállítja a faluból a Depónia Kft.. A szemétszállítást minden háztartásnak kötelező igénybe vennie, de vannak olyan helyzetek is, amelyeket ez nem old meg. A következőkben röviden összefoglaljuk a hulladékelhelyezés legális lehetőségeit.</p>
<blockquote><p>Ez volt régen: <strong>  </strong><strong>Ha esetenként több hulladék keletkezik, mint ami beleférne a kukába</strong>, azt az AVE saját zöld zsákjaiban tehetjük ki a kuka mellé. A zsákok megvásárolhatók a Liget (leánykori nevén Muskátli) ABC-ben kb. 300 Ft-ért. Ebben az árban benne van az elszállítás és a civilizált, környezetkímélő lerakás költsége is. Ez azt is jelenti, hogy a kukáskocsi a másféle zsákokban kirakott szemetet nem viszi el.</p>
<p>Most: Jelenleg nem lehet Depóniás zöld zsákokat kapni.</p></blockquote>
<p>A háztartási hulladék csökkentése érdekében <strong>érdemes igénybe venni a szelektív gyűjtőket </strong>is. Kérjük, hogy ügyeljen a rendeltetésszerű használatra és a gyűjtők környékének rendjére!</p>
<p>A háztartási <strong>hulladék mennyisége jelentősen csökkenthető a házikerti komposztálással</strong>.</p>
<blockquote><p><strong>Jelenleg nincs erre a bekezdésre vonatkozó információ:</strong> vonatkozó információAki erre (még) nem tudta rászánni magát, annak jó hír, hogy 2008. augusztus eleje óta az AVE szelektív módon elszállítja és komposztálja <strong>a háztartásokban keletkező zöldhulladékot. </strong>Ehhez a polgármesteri hivatalban (H 8-18, K-CS 8-16, P 8-14 óráig) vásárolhatók meg a speciális, 110 literes, átlátszó zsákok, amelyeket a szolgáltató szerdánként a megszokott időben, a kommunális hulladékkal együtt szállít el. Ezek ára jelenleg 140 Ft. E zsákokba viszont csak zöldhulladék kerülhet, különben nem szállítják el.</p></blockquote>
<p><strong>Évente egyszer, április-május hónapban lomtalanítás van.</strong> Ilyenkor a Jung-ház udvarán mód van <strong>veszélyes hulladékok elhelyezésére</strong> is (akkumulátor, festék- és vegyszermaradványok, stb.), amelyeket a szolgáltató szakszerűen ártalmatlanít.</p>
<p><strong>Nagyobb mennyiségű építési törmelék elhelyezéséhez feltétlenül igényeljen konténert!</strong> Ha a hulladék nem tölt meg egy konténert, érdemes lehet több szomszédnak összefogni, és megosztani a költségeket.</p>
<p>(2008. októberi adatokkal, frissítve: 2012 októberében, majd 2014 januárjában)</p>
<blockquote><p> Elavult bekezdés: <strong>Sokan érdeklődtek már az egyesületnél, hogy lehetne-e BŐVÍTENI A SZELEKTÍV HULLADÉKGYŰJTÉS LEHETŐSÉGEIT TELKIBEN. </strong>Az AVE-nál 2008. elején történt látogatásunk eredményeként kiderült, hogy a gyűjtőszigetek nem bővíthetők tetszés szerint. Azok egy technológiai folyamat részei, pl. bele vannak ágyazva egy négyrekeszes talapzatba, ami előírás, ezt viszont költséges volna bővíteni-cserélni, és a szolgáltatónak nincs erre forrása. Emellett erre a helyzetre (ezekre az anyagokra) van kialakítva az ürítést végző teherautó felépítménye is, mégpedig az AVE teljes működési területén egységesen. Az AVE másik szempontja, hogy csak azokat az anyagokat gyűjti szelektíven, amelyeket el tud adni, méghozzá a számára elfogadható áron. (E másodnyersanyagok értékesítési piaca ráadásul nagymértékben romlott is a tavalyihoz képest.)</p>
<p>Mindezek alapján pillanatnyilag nincs sok remény a rendszeres szelektív gyűjtés kiterjesztésére. Ezért gyűjtést indítunk itt a honlapon, és az eredményeket közzétesszük a falu más fórumain is. Kérjük, hogy aki tud további szelektív hulladékelhelyezési lehetőségekről, ossza meg a tapasztalatait másokkal: küldjön egy emilt a <a href="mailto:zold.telki@gmail.com">zold.telki@gmail.com</a> címre! Itt van az első pár tipp, várjuk a továbbiakat!</p></blockquote>
<p><strong>Használt elemek:</strong> Telki, Ófalu Csemege</p>
<p><strong>Kiégett fénycsövek, villanykörték: </strong>budaörsi Auchan és Ikea áruházak</p>
<p><strong>Használt, nem működő háztatási gépek: </strong>leadhatók a budaörsi Media Marktban, tiszta állapotban</p>
<p><strong>Ruhagyűjtő konténerek jó minőségű használt ruhák számára: </strong>budaörsi OBI, Törökbálinti Auchan áruházak</p>

<p>MIT TEGYÜNK A HULLADÉKKAL?! A hulladékelhelyezés legális lehetőségei Telkiben A háztartási hulladékot hetente elszállítja a faluból a Depónia Kft.. A szemétszállítást minden háztartásnak kötelező igénybe vennie, de vannak olyan helyzetek is, amelyeket ez nem old meg. A következőkben röviden összefoglaljuk a hulladékelhelyezés legális lehetőségeit. Ez volt régen:   Ha esetenként több hulladék keletkezik, mint ami [&hellip;]</p>
